z) = -z**3 - 6*z**2 - 6*z - 1. Let n be 6/15*(-2 - -7). Let y = 3 - n. Let k be 1*(1 + y) + -7. Determine d(k).
4
Let s(h) = -h**3 + 3*h**2 - 1. Let a be 6 + (-217)/35 + (-11)/(-5). Calculate s(a).
3
Let x(k) = 2*k - 3. Suppose 0 = 2*d + 4*w + 6, -2*d = -4*w - 18. Let h = d - 0. Calculate x(h).
3
Let f(x) = -2*x**3 - 19*x**2 - 3*x - 7. Let d(s) = -s**3 - 10*s**2 - 2*s - 4. Let w(n) = -7*d(n) + 4*f(n). Give w(-3).
-33
Let t(f) = -f**2 - 4*f - 7. Suppose 8*m = 5*s + 3*m + 30, -m + 18 = -4*s. Let d(g) = 1. Let n(z) = s*d(z) - t(z). Calculate n(-4).
3
Let v(o) = 8 - 4*o**2 + o**3 + 4 - 11. Calculate v(3).
-8
Let w = 9 + -6. Let f be ((-3)/4)/(w/(-12)). Let z(x) = 0*x + x**2 + 0*x**2 + f*x**3 + 3 - 4*x**3 + 2*x. Determine z(3).
-9
Let g(z) be the second derivative of 1/3*z**3 - 2*z**2 + 5*z + 0. Let v = -10 + 14. Calculate g(v).
4
Let s(z) = z**2 - 4*z - 5. Let b(n) = -2*n**2 + 8*n + 11. Let r(y) = -2*b(y) - 5*s(y). Calculate r(6).
-9
Let z(c) = c. Let i(u) = -u**3 - 9*u**2 - u - 2. Let g be i(-9). Suppose 0 = g*f - 2*f + 3*t - 18, 3*t - 6 = -f. Give z(f).
3
Let m(k) = 2*k**2 + k**3 + k + 0 + 0*k**2 + 1 + k**2. Determine m(-2).
3
Let y(w) = -2*w - w - 6 - 3*w - w**2. Let r(a) = -a**3 + 6*a**2 - a - 1. Let d be r(6). Let s = d + 3. Calculate y(s).
2
Suppose 0 = 4*a + 5*q + 4, 0 = -5*a - q - 1 - 4. Let h(x) = 4*x**2 - 3*x - 2. Let f be h(a). Let y(s) = s**3 - 4*s**2 - 5*s - 6. What is y(f)?
-6
Let m(f) = -f**3 + 8*f**3 - 6*f**3 + 3*f + 11*f**2 - 4*f**2 + 7. Give m(-7).
-14
Let u(f) = f**2 + 7*f + 4. Let a be (3*35/(-30))/(2/4). Give u(a).
4
Let h be 4/10 + (-22)/55. Let k be h/(-3 + 16/4). Let v(c) = -c**3 + c**2 - c + 3. Determine v(k).
3
Suppose 21 = -2*h + 5*h. Let r(n) = -n**3 + 7*n**2 - n + 3. Determine r(h).
-4
Let n(o) = 7*o**3 + 4*o**2 - 5*o + 4. Let x(z) = -z**3. Let s(g) = -n(g) - 6*x(g). Let d be s(-5). Let l(q) = q - 1. Calculate l(d).
-5
Let b = -7 + 11. Suppose 2*x + 2 = o + b*x, -2*x = 4. Suppose -3*n = -3*f - 6, -2*n + o*n = 20. Let c(g) = g**2 - 4*g + 1. Calculate c(f).
-2
Let b(d) = 4*d**2 - 12*d - 6. Let p(t) = 3*t**2 - 11*t - 6. Let l(x) = -4*b(x) + 5*p(x). Suppose 0*y = w - 4*y + 25, -y = -5. Give l(w).
4
Suppose -1 + 11 = 5*s. Let g(q) = 0 + s*q - 1 + 1 + 2*q**2 - 4. Determine g(-3).
8
Let v(n) = -n + 4. Let u be v(-3). Let o be (-19)/u - 8/28. Let l(h) = -2 + 3*h + h**2 - 3*h + 3*h. Give l(o).
-2
Let p = -13 - -8. Let x(c) = c + 7. Let a be x(p). Suppose -4*r + 34 = -5*s, -2*s - a*s = -4*r + 32. Let i(l) = -l**2 + 6*l - 3. What is i(r)?
-3
Suppose 3*b - 4 = -7. Let w(z) = -10*z**2 - z. Calculate w(b).
-9
Let x(h) = 4*h + 4 - 2*h**2 + 2 - 5 - 2. Calculate x(3).
-7
Let p be 12/((-1)/(1/(-2))). Let k(f) = p*f + 1 + 4 + 2 + f**2. Suppose -z - 4*z = -3*h + 10, z - 2*h - 5 = 0. What is k(z)?
2
Let c be (-1)/(-2) + 3/(-6). Suppose c = z + 4*r - 0 - 3, 5*r + 10 = -4*z. Let f(g) = g**2 + 4*g - 3. Determine f(z).
2
Let z(r) be the third derivative of r**5/30 + r**4/12 + r**3/2 - 20*r**2. Give z(-2).
7
Let f(v) be the third derivative of 0 + v**2 + 0*v - 1/6*v**4 + 0*v**3 + 1/60*v**5. Give f(5).
5
Let i(o) = o - 19. Let w be i(22). Let s(x) = -x**3 + 5*x**2 + x - 3. Determine s(w).
18
Let b be ((-2)/9*-15)/(4/6). Let h(r) = -r + 2. What is h(b)?
-3
Let j be 4 + -5 + (-1 - -5). Let q(k) = k + k**3 + 3*k**2 - j*k**2 + 19 - 17 - 3*k**2. Calculate q(2).
0
Let n(z) be the third derivative of 0 + 0*z - 2*z**2 - 4/3*z**3 + 1/24*z**4. Determine n(6).
-2
Let f(u) = 4*u**2 + 1. Let p(l) = -6 + 6*l + 3*l + l**2 - 4*l + l. Let x be p(-7). Suppose -4*s + x = -5*s. Determine f(s).
5
Let d be (-3)/((-1)/(0 - 1)). Let i = d + 4. Let v(g) = -4*g + 2 - 2 + 8*g. Determine v(i).
4
Let t = 0 + 4. Let h(v) = v**3 - 4*v**2 + v - 3. What is h(t)?
1
Let l(b) = b**3 - b**2 - b - 1. Let f(v) = 7*v**3 - 2*v**2 - 3*v - 7. Let m(p) = -f(p) + 6*l(p). Suppose 26*w - 36*w = 30. Give m(w).
1
Let n(g) = -27*g**3 + g + g + 21*g**3 + 1 + g**2. Let o be (-2 - 0)/(-2) - -1. Suppose 0 = 3*h + 3*q, -3*h - o = 3*q - 2*q. Determine n(h).
6
Let p = 26 - 30. Let k(j) = j**2 + 5*j + 6. Calculate k(p).
2
Suppose 2*q + 0*q = -x + 6, 0 = 5*q + 3*x - 15. Let u(f) = 8*f**2 - 3 + 3 + 1 + 4*f + f**3 - q*f**2. Calculate u(-3).
7
Suppose 5*b - 8 = b. Let p be b - 3 - 1*3. Let i(j) = -3*j - 3*j**2 - 4 - j**3 - 2*j**2 + 2. Determine i(p).
-6
Let d(q) = -4*q**2 + q - 1. Let w(k) be the first derivative of -5/2*k**2 + k - 1/3*k**3 + 3. Let y be w(-5). Determine d(y).
-4
Let m(r) = r**3 - r**2 + 10. Let h(q) = q**3 - q**2 + q - 1. Let o be h(1). Give m(o).
10
Let a = 1 - -3. Suppose -10 = -g - 3*j, -4*g - a = 2*j - 14. Let v(q) = q**2 - 4*q - 1. Let u(z) = -5*z - 1. Let n(y) = -4*u(y) + 5*v(y). Calculate n(g).
4
Let w(g) = -g**2 + 2. Let q(x) = x**3 + 5*x**2 + 1. Let m(a) = q(a) - w(a). Let i(f) = -f**2 + 2*f - 3. Let k be ((-6)/4 + 0)*-2. Let s be i(k). Calculate m(s).
-1
Suppose -5*n = -2*o - 6 - 3, -3*n = -4*o - 11. Let c = -1 - o. Let x(p) = -7*p + 5 - 3 - 1. Give x(c).
-6
Let o(s) = 4 - 2 + 0 - 3*s + 2*s. Suppose 3*j - 4*j = 5*z + 19, 3*z - 5*j + 17 = 0. Let f be 30/z*8/(-12). What is o(f)?
-3
Let q(j) = -3*j**3 + 2*j - 9. Let b(w) = -w**3 + w**2 - 1. Let f(l) = -4*b(l) + q(l). Give f(4).
3
Let k = 46 - 51. Let p(g) = -g**3 - 3*g**2 - 4*g - 6. Let h(f) = -f**3 - 4*f**2 - 5*f - 6. Let n(x) = -3*h(x) + 2*p(x). What is n(k)?
-4
Let l be 1/(-5) + 1 + (-8)/10. Let y(q) = -1 - q - q**2 - q + 3*q. Determine y(l).
-1
Let r(h) be the third derivative of -h**7/840 + h**6/360 - h**5/120 + h**3/2 - h**2. Let j(m) be the first derivative of r(m). Calculate j(1).
-1
Let t = -160 + 239. Let h(g) = -4*g - 78 + t + 19*g. Give h(-1).
-14
Let u(q) be the second derivative of -q**4/12 + q**3/3 + 5*q**2/2 - 10*q. Determine u(4).
-3
Suppose 5*h - z = -5, 0 = -4*h - 3*z + 20 - 5. Let n(k) = -k + 3. What is n(h)?
3
Let f(o) = -17 - 16 + 2*o + 31. Let y = 3 + -3. Let u(q) = -q - 4. Let z be u(y). Determine f(z).
-10
Suppose f = 4*l - 18, -2*l - 9 = 4*f + 3*l. Let c(p) = -5 + 0*p - 2 + 2*p - 3*p. Calculate c(f).
-1
Let q(y) = -y**3 + 4*y**2 - y - 2. Let o = -4 + -11. Let g = 18 + o. Give q(g).
4
Let l(n) = 3*n. Suppose -r = -u - 20, 2*r - 5*r + u + 52 = 0. Let x be (-1)/2*1*-10. Suppose -2*o - 2*m + r = -0*m, -25 = -x*m. Calculate l(o).
9
Let s be -5 + 3 + 6*1. Suppose -3*d = -0*w - s*w + 19, 5*w = -3*d + 17. Let a(b) be the first derivative of b**3 + b**2/2 + 1. What is a(d)?
2
Let u(x) = x**3 + 4*x**2 - x - 6. Let b(h) = h**2 - 1. Let k(s) = -5*b(s) + u(s). Calculate k(0).
-1
Suppose 0 = 2*o + 2*o + 20. Let c = -1 - o. Let p(m) = -m**2 + 3*m + 2. What is p(c)?
-2
Let y be -3 - -1*2/1. Let v be (-2)/3*-3 + 1. Let k(t) = -8*t**2 - t + v - 3. Calculate k(y).
-7
Suppose -1 = 2*v - 17. Let u(o) = o**3 - 9*o**2 + 8*o. Calculate u(v).
0
Let l(i) = i**2 + 5*i + 5. Let t be l(-4). Let x(r) = 9*r**3 - t + 0*r**3 + 0*r**3 + r**2. Determine x(-1).
-9
Suppose -4*w = -2*w - 14. Let x be (-348)/(-28) + (-3)/w. Let r be (-2)/(-4) - x/8. Let b(h) = 5*h. Give b(r).
-5
Let f(i) = 48 - 5*i - 54 + 0*i**2 - i**2 - 3*i. Calculate f(-8).
-6
Let j = 12 - -4. Suppose 4*z = 3*d - 8*d + 10, 10 = -2*z + 5*d. Suppose z*w = 4*w - j. Let p(h) = -h + 4. What is p(w)?
0
Let j be 1/(3/(42/2)). Let f(x) = -x**2 + 7*x + 2. Let o be f(j). Let z(w) = w**2 + 5*w - o + 6 - 2 + 0*w. Give z(-5).
2
Let u(q) be the second derivative of 0 - 2*q + 0*q**2 - 1/6*q**3 + 1/120*q**5 - 1/24*q**4. Let c(r) be the second derivative of u(r). What is c(-3)?
-4
Suppose -4*t + 15 + 9 = 0. Let n(i) = -6*i + 2*i + t + 1. Let a(g) = -3*g + 6. Let f(o) = 3*a(o) - 2*n(o). Calculate f(3).
1
Let o(x) = 2*x + 4. Let j be 2*(-11)/6*-3. Let p = j + -2. Suppose 5*i = -c - p - 6, -4*c + 6 = -2*i. What is o(i)?
-2
Let v(k) be the first derivative of 7*k**3/3 + k**2 + k - 66. Let x = 1 + -2. Give v(x).
6
Suppose -4*c - 15 = -0*v + 5*v, 0 = -3*v - c - 2. Let m(d) be the third derivative of 0*d + 1/6*d**3 + 0 - 2*d**2 + 1/24*d**4. Determine m(v).
2
Let r(h) = h**3 + 3*h**2 - 1. Let d be 3 - 1 - (5 + -3). Suppose -4*m - y - 16 = d, -4*m + y = -2*m + 2. Calculate r(m).
-1
Let q(f) be the second derivative of -f**3/6 + 5*f**2 - 3*f. Let o(w) = 3*w - 29. Let n(t) = -6*o(t) - 17*q(t). Give n(5).
-1
Let y(k) = 4*k + 11. Let r(b) = -2 - 3*b + 0 - 5. Let s(h) = 7*r(h) + 5*y(h). Let q(v) = v. 